 Suppose -g*z + 378 + 888 = 0. Is z prime?
True
Suppose -90 + 16 = 2*a - h, -3*a = 2*h + 111. Let o be a + (1 + 1)*1. Let z = o + 58. Is z a composite number?
False
Suppose 15 = 5*t, -3*k - 2*t = -4*t - 55611. Is k a composite number?
False
Let q = 389 + -255. Suppose 14 - q = -5*j. Suppose -4*n + j = -164. Is n prime?
True
Let n(y) = -y**3 - 2*y - 1. Let m be n(-2). Let o(a) = a**3 + 4*a**2 + 7*a - 3. Let f be o(m). Suppose -1275 = -4*p + f. Is p composite?
True
Let n(j) = 9*j**2 - j + 1. Let i(f) = -f**2 + f - 1. Let l(t) = -4*t**2 + 6*t - 7. Let k(v) = -6*i(v) + l(v). Let w be k(1). Is n(w) a prime number?
False
Let r = -559 - -307. Suppose -5*l - 2*a + 2145 = 0, -l - 5*a + 486 = 57. Let n = l + r. Is n prime?
False
Let o(j) = -j**3 + 32*j**2 + 38*j - 19. Let f(z) = 2*z**3 - 32*z**2 - 37*z + 19. Let q(p) = -2*f(p) - 3*o(p). Is q(-31) a prime number?
False
Suppose -33803 = 7*y - 110362. Is y a composite number?
False
Suppose 4*i = 5*i. Suppose 0*c - 2*c = -4. Suppose 0 = -i*u + c*u - 526. Is u prime?
True
Let l = 5 + -3. Suppose 50 = -8*i + 3*i + l*a, -5*i - 5*a - 85 = 0. Is i/((-9)/(-3)) + 153 composite?
False
Let g be (-26)/12*-2 - 10/30. Suppose 0 = 3*k - s - 3454, g*k + 2*s - 5464 + 862 = 0. Is k prime?
True
Let c = 57422 + 2007. Is c composite?
True
Suppose -3927 = -7*t + 2660. Is t a prime number?
True
Let u be -1 - 0 - (-9 - -5). Suppose 3*j - j - 958 = u*x, j + 5*x = 479. Is j prime?
True
Let n(f) = -2*f**3 + f**2 + 25 - 36*f + 81*f - 41*f. Is n(-6) composite?
True
Suppose -1172578 = 3*i - 14*i. Is i a prime number?
False
Suppose -10*q + 15*q = 48365. Is q a prime number?
False
Let q = 511 - -40. Suppose -h - q + 2016 = 0. Is h a prime number?
False
Let y(v) = 29*v**2 - 12 - 816*v + 810*v - 4. Is y(5) composite?
True
Let o = -198 - -366. Suppose 2*v + 4*h + 1 = 3*v, -4*h = -8. Let r = o - v. Is r a prime number?
False
Let n = -37 + 40. Suppose -x + 963 = -n*u - 271, -3*x + 3709 = -2*u. Is x composite?
False
Suppose 15*j - 40285 = 10*j + 5*x, j - 3*x = 8053. Is j a composite number?
False
Is 0 + 5 + (8 - -944)*5 a prime number?
False
Let o = 136 + 311. Let a = o + -154. Is a a prime number?
True
Suppose 2*y - 1 - 3 = 0. Suppose -3*l = -3, w - 5*l = y*w + 245. Let h = 413 + w. Is h a prime number?
True
Let p(n) = -151*n + 12. Let w be p(-9). Let l = w + -892. Is l a composite number?
False
Let g = 1214 - 667. Suppose 2*k + 1333 = 3*n, -3*k = 4*n - g - 1253. Is n composite?
True
Let y(h) = 17*h**2 + 299*h + 10. Is y(-43) a prime number?
False
Suppose -150 = -40*b + 39*b. Let s = 643 + -366. Let y = s - b. Is y a composite number?
False
Let k(i) = -245*i - 45 + 1058*i + 43. Is k(3) composite?
False
Let t be (-2)/(-6) - (-764)/3. Let x be (1 - (1 - 0))/(-2). Suppose l + 15 = 5*w - 240, 5*w - 4*l - t = x. Is w prime?
False
Let l = 3162 + -1903. Is l a composite number?
False
Let f(m) = -42*m**3 - 6*m - 7. Let h be f(-6). Let n = h - 5183. Is ((-1)/2)/((-3)/n) a composite number?
False
Let b(x) = 2*x**2 + 25*x + 388. Is b(-35) a composite number?
True
Let o(m) = -16*m - 13. Let y(d) = -d**3 - 9*d**2 + 10*d - 9. Suppose 4*v + 5*n + 15 = 0, 2*n + 8 = -2*v - 2. Let b be y(v). Is o(b) composite?
False
Let j be ((-45)/30)/((-2 + 1)/3670). Is (-5)/(-10) - j/(-10) a prime number?
False
Suppose -4*r = 2*k - 18802, -3*r - 7*k = -3*k - 14109. Is r prime?
False
Let j(l) be the second derivative of -1/12*l**4 + 0 + 1/20*l**5 + 9*l + 413/2*l**2 + 1/6*l**3. Is j(0) prime?
False
Suppose -5*h = -7*m + 3*m + 21, 0 = -2*m - 4*h + 4. Suppose -m*i = -2*u + 1452, u + i - 754 = -4*i. Is u a composite number?
True
Let t = -20022 + 32605. Is t a composite number?
False
Let r(q) = -13*q**2 - 9*q + 219. Let d(i) = -7*i**2 - 5*i + 109. Let s(x) = -11*d(x) + 6*r(x). Is s(0) prime?
False
Let u = 72511 + -41774. Is u composite?
True
Let w(v) = -v - 3. Let z be w(-3). Suppose z = -3*x + 7*x - 148. Is x a composite number?
False
Is (-132)/8*(4586/(-3) + 0) a prime number?
False
Let k = 10192 + -6803. Is k composite?
False
Let h(y) = 1343*y - 194. Is h(5) composite?
False
Let f = 40 + -38. Suppose -66710 = -12*w + f*w. Is w a prime number?
False
Suppose -24*s + 1068731 = -5*s. Is s a prime number?
True
Suppose -m - 18 = 19. Let n = 239 - m. Let p = n - 145. Is p prime?
True
Suppose -3*y = -11 - 1. Suppose 4*o = y + 200. Suppose -2*r + 131 = -o. Is r prime?
False
Let s be (350/20)/((-1)/6). Let l = s + 218. Is l a prime number?
True
Suppose -m - 24 = -7*m. Suppose 2*q - 3*n = -0*n + 50, -m*q - n = -128. Is q composite?
False
Suppose o - 4 = -1, 12 = 4*d - 4*o. Let h(w) = -w**2 + 7*w - 2. Let q be h(d). Is (-2)/q*362*-1 prime?
True
Let q(r) = 15*r**3 - 13*r**2 + 15*r - 10. Is q(9) a prime number?
True
Let d(s) = s**3 - 8*s**2 - 9*s. Let a(q) = -q + 9. Let p be a(0). Let v be d(p). Suppose 0 = k - 3*k + h + 42, v = 3*h. Is k a composite number?
True
Is -25778*((-210)/80)/(3/4) a composite number?
True
Let o = 18444 - -1217. Is o a composite number?
False
Let b be 3 - (32 + 2)*2. Let d = 144 + b. Suppose -d = -w - 0*w. Is w composite?
False
Suppose 6148 = 4*h + 2*d, -h = 4*d - 2*d - 1543. Is h prime?
False
Let k(z) = 1037*z**2 - 21*z + 73. Is k(6) composite?
True
Suppose 3*z - 4*z = 0. Suppose z = m + 2*m. Let g(y) = y**2 + y + 157. Is g(m) composite?
False
Let a(t) = -3*t + 1. Let c be a(3). Let o(u) = u + 1. Let v(j) = 29*j + 10. Let f(s) = 5*o(s) - v(s). Is f(c) prime?
False
Suppose 135925 = 15*y - 192740. Is y a composite number?
False
Suppose -120*b + 118*b = -9266. Is b a composite number?
True
Suppose 1402 = 3*b - 2993. Is b a composite number?
True
Suppose -25413 = -18*p + 36057. Is p composite?
True
Let i(z) = -z + 8. Let a be i(6). Suppose -a*s + 18 = 3*x, -2 = 2*s - 3*x + x. Is s a composite number?
False
Suppose -6*m - 711 - 375 = 0. Let p be (-2388)/(-9) + (-2)/(-3). Let h = p + m. Is h prime?
False
Suppose 3*s - 429 = -3*w, 3*w = -3*s + 4*w + 425. Let q = s + 277. Is q a prime number?
True
Suppose 5*r - 4*r - 562 = 0. Suppose z - r = -155. Is z prime?
False
Let q(f) = -2*f + 36. Let k be q(10). Suppose 0 = 17*a - k*a - 479. Is a a prime number?
True
Let x = 11760 - 4159. Is x composite?
True
Let u = 99 - -395. Let j = -231 + u. Is j a prime number?
True
Suppose -4*q + 6 = -6. Let y(l) = 17*l**2 - l - 3. Let p(o) = 16*o**2 - 2*o - 4. Let n(w) = -4*p(w) + 5*y(w). Is n(q) a prime number?
True
Suppose 34*a - 668267 = 3*a. Is a composite?
False
Let o be (2/6)/(7/5418). Let r = o - -663. Is r a composite number?
True
Suppose -195*x + 1519 = -188*x. Let z(u) = 144*u + 4. Let c be z(6). Suppose 4*n = 3*l + c, -n = l + 4*l - x. Is n prime?
False
Let d = 44 - 25. Let a = 21 - d. Is (5 - a)/(6/326) prime?
True
Suppose -116 = -0*q + 2*q. Let f be q*(4 + (-18)/4). Suppose 158 = c - f. Is c composite?
True
Suppose -2*x - 3*n + 9 = 2*n, -2*x + 39 = -5*n. Suppose x*r = 16*r - 248. Is r composite?
True
Suppose -x = 5*k + 2, -2*k = -5*k + 4*x + 8. Let s be -1 - (k - -2) - -5. Suppose w - t - 14 = s*t, w = -2*t + 9. Is w a composite number?
False
Suppose -2*b = 4*q + 8, 3*b + 3 = -4*q - 1. Suppose -b*o - 87 = -5*x, -5*o - 9 = -4*x + 3*x. Is x prime?
True
Suppose -w - 2 = -3*w - 2*t, -5*w - 4*t = -9. Is ((-597)/12)/(w/(-20)) a prime number?
True
Suppose 3601 = -8*w + 11993. Is w prime?
True
Suppose 2*p = 559 - 185. Let k = 27 - 5. Suppose i - k = p. Is i a prime number?
False
Suppose -3*k - 1566 = 5*i + k, -3*i = -5*k + 947. Let a be i/(-3)*(-165)/(-22). Suppose a = -d + 6*d. Is d a prime number?
True
Let k be (-2)/6 - (-39)/9. Let x be (151/4)/(k/(-16)). Let s = x - -342. Is s prime?
True
Suppose 199 = -j + 3*m, 2*m + 184 = -4*j + 3*j. Let q = 103 - j. Is q prime?
True
Let t(o) = o**3 + 10*o**2 - 3*o - 1. Let g be 4/(-6) + (-196)/21. Let a be t(g). Suppose 3*n - 73 = a. Is n a composite number?
True
Suppose 4*q - 3*q = -205. Let g = q + 294. Is g a composite number?
False
Let b(r) = 36*r - 5. Let i(h) = 2*h + 10. Let u be ((-26)/(-39))/((-4)/18). Let j be i(u). Is b(j) a prime number?
True
Let f(x) = x**2 + 20*x. Let u be f(-20). Suppose u*m - m = 5*q - 759, -3*q = 3*m - 2253. Is m composite?
True
Is (5790/25)/((-24)/(-320)) - -5 prime?
False
Is -479*(-3 + 1/(1/(-4))) a prime number?
False
Let y = 72893 - 48914. Is y a prime number?
False
Is ((-122212)/(-8))/(-3 + (-21)/(-6)) 